et y(p) = -5*p**3 - 31*p**2 - 6*p - 24. Let b(z) = 0*z**3 - 16*z**2 + z**3 - 4*z**3 - 3*z - 12. Let o(j) = -7*b(j) + 4*y(j). What is the units digit of o(13)?
8
What is the thousands digit of -5*8/(-10) + (8508 - -2)?
8
Let p = -33 + 39. Let a be 8 - p*(-6)/(-9). Suppose -4*c + 212 = 4*m, -44 = -a*c + 3*c - 4*m. What is the units digit of c?
6
Let k(s) = s**2 - 3. Let m be k(0). Let q be 6 - 3 - (m + 64). Let a = 40 - q. What is the units digit of a?
8
Let x(q) = -2 + 9*q - 151*q - 16*q. Let w be x(-6). Suppose w = 12*u - 86. What is the tens digit of u?
8
Suppose t = 2*t - 176. Suppose -t = -10*g + 4. Let p(k) = k**3 - 17*k**2 - 13*k - 2. What is the tens digit of p(g)?
8
Let t = 65923 - 13309. What is the thousands digit of t?
2
Suppose -811*o = -854*o + 1633226. What is the tens digit of o?
8
Let z(n) = 256*n**2 - 31*n - 192. What is the units digit of z(-6)?
0
Suppose -18821 = -3*f + f - m, -3*m - 9407 = -f. What is the thousands digit of f?
9
Let l(g) = 36375*g**2 - 726*g - 727. What is the tens digit of l(-1)?
7
Suppose -13*d = -53 - 51. Suppose -868 = -d*a + 4332. What is the units digit of a?
0
Let u(i) = -2*i + 25. Let a be u(12). What is the hundreds digit of a - -165 - (6 - 8)?
1
Suppose -4*s + 93016 = -2*m, -3*m - 96053 + 3039 = -4*s. What is the hundreds digit of s?
2
Suppose -17*m - 118 = -19*m. Let c = m - 53. Suppose 1176 - 288 = c*a. What is the units digit of a?
8
What is the units digit of 885505/95 + -7*(-22)/(-1463)?
1
Let n(o) = 2*o**3 + 5*o**2 - 4*o - 4. Let i be n(-4). Let m be i/(-15) + 15/25. Suppose -102 = -q - 3*y, -4 = -y + m*y. What is the hundreds digit of q?
1
Let z(c) = 85*c - 694. What is the hundreds digit of z(43)?
9
What is the hundreds digit of ((-1)/(-3))/(-4*(-15)/180)*20606?
6
Let h be ((1 + 47)/(-8))/(3/(-68)). Let p = h + 76. What is the hundreds digit of p?
2
Let p(r) = 39*r + 24. Let u(x) = 22*x + 12. Let a(t) = 3*p(t) - 5*u(t). Let g be (0 - -1)/(3/15). What is the tens digit of a(g)?
4
Let n = -10 + 7. Let l(f) = -9*f**3 - 11*f**2 - 2*f - 3. Let z(a) = 4*a**3 + 5*a**2 + a + 2. Let q(p) = -2*l(p) - 5*z(p). What is the tens digit of q(n)?
2
Let c(n) = -6 - 2 - 8*n - 3 - 7*n**2 - n**3 + 6. Let a be c(-6). Suppose 286 - a = 3*t. What is the tens digit of t?
9
Let i(a) = 3*a**2 + 120*a + 63. Let x(r) = 2*r**2 + 120*r + 65. Let b(c) = -4*i(c) + 5*x(c). What is the units digit of b(51)?
1
Suppose -7*n + 449 = 547. Let p(l) = l**3 - 3*l**2 - 5*l + 3. Let c be p(5). What is the units digit of 360/c*n/(-3)?
0
Suppose 2*r - 93210 = -256*i + 255*i, 0 = -3*r + 3*i + 139797. What is the thousands digit of r?
6
Suppose -4*j + 32843 = -t, -j - 5*t - 8225 = -2*j. Suppose -5*f - 5*g + j = 0, 9*g + 8240 = 5*f + 4*g. What is the tens digit of f?
4
Suppose 5*z + 2*s + 41 = 0, 11 = 2*z - 4*z + s. Let n be 728/6 + ((-28)/6)/z. Suppose 2*o - n = o. What is the tens digit of o?
2
Let k(o) = 2*o**2 + 34*o + 228. Let l be k(-8). What is the hundreds digit of (706/3)/(14/l)?
4
What is the units digit of -5*1*(-63)/27*93?
5
Let m = 305 + -25. Let l = 644 - m. What is the hundreds digit of l?
3
Suppose 70 = 83*v - 96. Let u(m) = 44*m + 10. Let z be u(7). Suppose 0 = -5*l - 5*y + 785, -4*l + v*l - 3*y + z = 0. What is the units digit of l?
3
Let j = -12556 - -22819. What is the units digit of j?
3
Let n(m) = 38*m**2 - 3*m - 6. Let z(t) = 5*t - 21. Let s be z(11). Let b = s - 36. What is the tens digit of n(b)?
5
Let s(r) = 10*r**2 - 3*r - 4. Let m be s(6). Suppose m + 265 = 9*p. Suppose -p = -4*u - 43. What is the units digit of u?
6
Let h = 5 + 1. Let m be (-729)/h*-12*(-2)/(-9). Suppose 2*o - 5*k = -0*o + 140, k = -4*o + m. What is the tens digit of o?
8
Let s be (6/(-21))/(1/(-14)). What is the tens digit of (-67473)/(-187) + s/22?
6
Let r(i) = 30*i - 81. Let k be 7*((-285)/(-70) + (-9)/6). What is the tens digit of r(k)?
5
Suppose 0 = -5*a + 23*a + 828. Let p be (-64)/1*23/a. What is the tens digit of ((-441)/12)/((-6)/p)?
9
Let d = 16562 + -9367. What is the units digit of d?
5
Let c be (1 + 8)/(2 - 2979/1494). Suppose -13*n = -c - 794. What is the tens digit of n?
7
Let f(a) be the second derivative of 79*a**3/6 - 175*a**2/2 + 14*a. What is the tens digit of f(8)?
5
Let u(g) = 7*g**2 - 106*g + 1217. What is the hundreds digit of u(13)?
0
Let l = 1812 + -1318. Let i be (18/12)/(2/4). Suppose 3*a = -4*g + 720, -2*a - i*g = -5*g - l. What is the tens digit of a?
4
Let b = -17 - -18. Let n = b + 5. What is the hundreds digit of 2/n + (-1203)/(-9)?
1
Let r = -39 - -43. Suppose r*g + 109 = -647. What is the units digit of 1*-7*9/(g/6)?
2
Let l(x) = -26*x**3 + 2*x - 1. Let u be l(1). What is the hundreds digit of 54*13 + (u - -31)?
7
Let h(c) be the third derivative of -35*c**4/24 + 5*c**3 + c**2 + 12. What is the units digit of h(-6)?
0
Let b(r) = -83*r + 1218. What is the hundreds digit of b(-13)?
2
Suppose 34305 = 5*l - 36915. What is the units digit of 18/(-117)*-1 + l/26?
8
Suppose 0 = -2*s - 2*s + 64. Suppose 4*d - 12 = 2*m, s = 5*m - 4. Suppose d*w - 633 = -x, 2*x = 2*w + 86 - 344. What is the units digit of w?
7
Suppose 21 = 4*v - 5*h, -4*v + 13 = -v - h. Suppose -2*r + 3*u + 238 = 0, -v*r - u + 504 = -0*u. What is the hundreds digit of r?
1
Let x be -3*(-4)/(-6) + 0 + 7. Suppose -6*l + 1 = -x*l + g, 4*g - 4 = -2*l. Suppose -m + 7*m - 816 = l. What is the tens digit of m?
3
Suppose 3*p + 2*w = -2*p - 154, -w + 67 = -2*p. Let m(v) = -v**3 - 31*v**2 + 24*v - 18. What is the units digit of m(p)?
8
Let n = -18 - -23. Suppose -n*y + 1799 + 476 = 0. Suppose 0 = 5*p - 5*w - y, 2*w = w - 1. What is the units digit of p?
0
Let b(j) = j + 44. Let i be b(-47). Let n(z) = -29*z**3 - 5*z**2 - 18*z - 49. What is the tens digit of n(i)?
4
Let n = -665 - -1166. Suppose 0 = -4*v + 5*y + n, -y + 2 - 3 = 0. What is the hundreds digit of v?
1
Suppose -4*l + 275920 = 4*u, 15*l - 16*l = 5*u - 69000. What is the hundreds digit of l?
9
Suppose 65*v = 3*v + 8928. Suppose 0 = u - 3*f - 66, 21*f - v = -2*u + 23*f. What is the units digit of u?
5
Suppose -34357 = -42*z + 233813. What is the thousands digit of z?
6
Let v(w) = 168*w**2 - 119*w + 119*w. Let c be 9/12 + (-4)/(-16). What is the tens digit of v(c)?
6
Suppose -121*l + 5*x - 36292 = -124*l, 0 = -2*x - 8. What is the tens digit of l?
0
Let j = 11086 - 4792. What is the units digit of j?
4
Let b(o) = 3*o**2 - 15*o - 1. Let h be b(4). Let c(w) = -2*w**2 - 33*w - 13. What is the units digit of c(h)?
8
Suppose 0*y - 4*y + 20 = l, -2*y = 3*l - 10. Suppose s = -y*p + 1597, -948 = -3*p - 5*s + s. What is the units digit of p?
0
Let x be 4/1 - 9*3/(-3). Suppose x*u - 210 = 9*u + t, -4*u + 2*t + 208 = 0. What is the units digit of u?
3
Let n(y) = 118*y**3 + 6*y**2 - 33*y + 57. What is the hundreds digit of n(2)?
9
Suppose 29*i + 33*i - 186 = 0. Suppose b + 10*n = 8*n + 1210, -i*b + 3630 = 5*n. What is the thousands digit of b?
1
Suppose -18 = -9*r + 18. Suppose r*a - 512 = -2*z, -z = z. What is the units digit of a?
8
Suppose -6*w = -215 - 73. Suppose -711 = 39*v - w*v. What is the units digit of v?
9
Let f = -89 + 70. Let u = -19 - f. Let z(t) = 2*t + 7. What is the units digit of z(u)?
7
Let w(i) = -1024*i - 2161. What is the thousands digit of w(-22)?
0
Let b(n) be the first derivative of 683*n**3/3 + n**2/2 + n - 11. What is the hundreds digit of b(-1)?
6
Let c(x) be the third derivative of 17*x**6/120 + x**5/60 - 5*x**4/8 + 5*x**3/6 + 2*x**2 + 13*x. What is the tens digit of c(3)?
2
Let i(p) = 3863*p - 177. What is the tens digit of i(1)?
8
Suppose 4*n + 243 = 5*p, 0 = 7*n - 9*n + 2*p - 124. Let h = -85 - n. What is the units digit of (-3*-1*8)/((-12)/h)?
6
Suppose 312240 = -2411*h + 2435*h. What is the ten thousands digit of h?
1
Let b(l) = 405*l + 541. What is the units digit of b(25)?
6
Let u(r) = 5*r**2 + 12*r + 38. Let k be u(-20). Let x = -290 + k. What is the units digit of x?
8
Suppose -39*h + 22512 = 73*h. What is the hundreds digit of h?
2
What is the hundreds digit of (42/(-210))/((-1)/(-5)) - 18756*-1?
7
Suppose 19*u - 15 = 4. What is the hundreds digit of u + (-6 - -7 - -438)?
4
Suppose 2*v = -3*b + 20, 0*v = 4*v + 20. What is the tens digit of (-2)/(b/2745*-3)?
8
Suppose -l = 3*l - 2*p - 67616, 4*l + 2*p - 67616 = 0. What is the units digit of l?
4
Let c = 7473 - 3613. What i